 -5*v - 117. Let w be -13 + 90/24*-4. Calculate u(w).
23
Let k(o) be the first derivative of -o**4/4 - 2*o**3 - o**2/2 + 7*o - 672. Give k(-6).
13
Let u be 96/(-24)*3/(-4). Let d(w) = 8*w. What is d(u)?
24
Let g(k) = 2*k**3 + 13*k**2 + 48. Let c(b) = -b**3 - 5*b**2 - 18. Let j(q) = 8*c(q) + 3*g(q). Suppose 0 = 3*h - 1 + 4. What is j(h)?
1
Let t(f) be the second derivative of f**6/180 - f**5/60 - f**4/24 + 5*f**3/6 + 4*f**2 - f - 14. Let s(b) be the second derivative of t(b). Determine s(-1).
3
Suppose -4*v = -5*v + 4. Let q(u) = u**3 - 3*u**2 - 2*u - 5. Let d be q(v). Let k(t) = -3*t + 2*t + 2*t**2 - t + d*t. Calculate k(-2).
6
Let l(g) be the first derivative of -g**4/4 + 7*g**3 - 9*g**2 - 33*g + 3074. Calculate l(20).
7
Let c(z) = -2*z**2 - 9*z + 4*z**2 + 9 - z**2. Let h be (-14*12/24*-4)/4. Determine c(h).
-5
Let v(c) = 2*c**2 - 23*c - 9. Suppose -182 - 212 - 278 = -56*u. What is v(u)?
3
Suppose -2*x = a + 9, 3*a = -6*x + 2*x - 17. Let b(p) = 8*p + 7. Let r(f) = 12*f + 11. Let d(u) = x*r(u) + 8*b(u). Calculate d(-2).
-7
Let v(t) = -9*t - 93. Let m = -34431 - -34420. Calculate v(m).
6
Suppose -212 - 221 = -47*r - 104. Let n(v) = -23*v**2 + 161*v - 10. Give n(r).
-10
Let m(b) = -b**2 + 4*b - 6. Let q be m(6). Let v be (-2 + 0)/(q/(-477)). Let i = -56 - v. Let d(n) = n**3 + n**2 - 3*n + 4. Give d(i).
-5
Let c(o) = -2*o**3 - 2*o**2 - 2*o + 3. Suppose z + 2*z - 41 = -m, -2*z + 30 = 2*m. Suppose 8*h + 30 = z*h. Suppose x = h*x - 10. Calculate c(x).
-25
Let k(a) = -16 - 38 + 4*a - 16 + 79 + a**3 + 4*a**2 - 14*a. Determine k(2).
13
Let i(a) = -12*a**3 - 56*a**2 + 14*a - 17. Let g be i(-5). Let d(r) = 8*r - 117. What is d(g)?
-13
Suppose -5*u - 4 + 11 = -n, -2*n = 3*u - 25. Suppose 9*v = 7*v + n. Let m(w) = w**2 + v + w + 1 + 5 - 2*w**2. Give m(0).
10
Let n be (-18)/18*-2*2. Let t(l) = -l**3 + 6*l**2 - 9*l + 1. Let o be t(n). Let s(f) = 2*f**2 + 2*f. Determine s(o).
12
Let b(y) = -14*y**3 + y**2 - 8*y + 1. Let z = 172 + -171. Let g(t) = t. Let s(i) = z*b(i) + 6*g(i). Give s(1).
-14
Let c(k) be the third derivative of -k**6/120 - k**5/10 + 13*k**4/24 + 2*k**3 + 1346*k**2. Determine c(-8).
36
Suppose 131 = -17*p - 12*w + 11*w, 2*w + 30 = -5*p. Let n(y) = -17*y - 13. Determine n(p).
123
Let o(m) = -m + 1. Suppose -4*r + k = -537, k - 47 = -r + 91. Suppose 5*j + 10 = 0, 0 = -3*f + 131*j - r*j - 8. Give o(f).
1
Let u(s) = -s**3 - 6*s**2 - 5*s - 7. Let f = 129 + -125. Suppose -31 + 15 = 2*v - 2*d, 4*v = -f*d - 16. What is u(v)?
23
Let y be (-3)/2*20/30. Let s be -3 + 0 + 2 - (-1 + y). Let d(z) = -6*z - 1. Determine d(s).
-7
Let l(c) be the first derivative of 13*c**2/2 + 70*c - 9602. Calculate l(-8).
-34
Let v = 265 + -191. Let c(x) = 25 - x**2 - v + 27 - 2*x + 28. Calculate c(-5).
-9
Let k(l) = -2*l**2 - 7*l + 66. Let h(c) = 3*c**2 + 15*c - 119. Let r(x) = 5*h(x) + 9*k(x). What is r(7)?
-64
Let d(f) = 17*f - 160 - 13*f - 6*f - 8*f. Give d(-16).
0
Let q(h) = 22*h**3 + 15*h**2 + 5*h + 8. Let d(u) = 19*u**3 + 13*u**2 + 4*u + 7. Let n(f) = 7*d(f) - 6*q(f). Suppose 3 = r - 2*x, 0*r + 2 = -r - 3*x. Give n(r).
1
Let v(c) = 11*c - 874. Let u be v(81). Let q(z) = -z**3 + 17*z**2 - z - 5. Give q(u).
-22
Suppose -3*b = b - 2*c - 8, 2*b = -3*c + 4. Let w(f) = -6 - 58*f + 60*f - 2*f**b + 6. Calculate w(2).
-4
Let a(h) be the first derivative of -h**4/4 + 5*h**3 - 6*h**2 - 25*h - 4067. What is a(14)?
3
Let n(t) = -t**3 + 48*t + 8*t**2 + 44*t + 10 - 94*t. Give n(8).
-6
Suppose 55004*u = 55006*u - 4. Let v(d) be the second derivative of -1/12*d**4 + 0 + 0*d**u + d**3 - 25*d. What is v(7)?
-7
Let y(j) = -j**3 - 3*j**2 + 4*j + 6. Let p be (7 - (-282)/(-42)) + 236/7. Let a = 31 - p. Give y(a).
-6
Suppose 3*q - 31 = 83. Let i(p) = -p + 38. Let f be i(q). Let h(m) = -m**2 - m + 15. Determine h(f).
15
Suppose 5*o - 4*s - 2834 = 0, 0 = 2*o + 2*s - 3*s - 1133. Let n = o + -567. Let w(i) = 1 - i**2 + 1 - 1 + i. What is w(n)?
-1
Let d = -284 - -174. Let b = d - -113. Let h(t) = 4*t**2 - 11*t + 4*t - t**b + 2*t**2. Determine h(5).
-10
Let q(g) = 9*g - 124. Let m = 4566 - 4553. Calculate q(m).
-7
Let n(w) = w**2 + 8*w. Let c(f) = 3*f. Let v(g) = 8*c(g) - 3*n(g). Suppose 4*t - 10 = -a, 3*t - 2*a - 11 = -a. Suppose 0 = -t*q - 3. Calculate v(q).
-3
Let g be (12/(-4))/(15/(-10)). Let k(w) = w - 3 + g + 12 + 0. What is k(-8)?
3
Let j(y) = -4*y**3 - 3 + 3*y**3 + 6*y**2 - 83*y + 78*y. Let g be j(4). Let l(t) = -t**3 + 9*t**2 - 10. Give l(g).
-10
Let z(d) = 5 - d**3 + d + 0*d**3 - 5*d**2 - 2*d. Let f(b) = -42*b - 61. Let s be f(-3). Suppose 155*l - 142*l = -s. Determine z(l).
10
Let s(b) be the second derivative of -b**7/2520 + 11*b**6/720 - 7*b**5/120 + 37*b**4/12 + 13*b - 2. Let f(a) be the third derivative of s(a). Give f(6).
23
Let j(i) = 4*i**2 - 2*i + 16. Let p be j(5). Let s(z) = -52*z - 55*z + p*z. What is s(1)?
-1
Suppose f - 82 = 4*d, -3*f + 0*d = 4*d - 230. Let v(n) = -3 + f*n + 2*n**2 - 81*n + 6 - 3*n**2. Let a = 4 + -7. Give v(a).
3
Let d = -25176 + 25174. Let q(k) = -2*k + 2*k**2 - 3*k**2 - k**2 - k**3 - 3. Let i(y) = -y**2 - 2*y - 3. Let b(n) = 4*i(n) - 3*q(n). Calculate b(d).
-15
Let h(a) = -a**2 - 10*a - 6. Let r(q) = q + 1. Let b(z) = 38 + z**2 - z - 33 - z. Let g(x) = -b(x) - 5*r(x). Let v be g(-3). What is h(v)?
-6
Let x(r) = -36*r**2 + 266*r - 533*r + 265*r + 75 + r**3. Determine x(36).
3
Suppose -349 = d - 367. Let t be (-12)/d*(-15)/(-10). Let j(f) = -f**3 - 2*f**2 + f + 1. Give j(t).
-1
Suppose 21*i - 14*i - 5*i - 14 = 0. Let f(k) be the first derivative of 4/3*k**3 + k + i + 0*k**2. Determine f(1).
5
Let b(u) = 4*u - 2*u**3 - 15*u**2 - 38 - 35 + 119 - 29 - 34. Determine b(-8).
15
Let k(m) = -2*m**2 - 14*m - 1. Suppose -6*a + 34*a - 616 = 0. Suppose -4*u - 37 = -3*f, -2*u + u = -5*f + a. What is k(u)?
-1
Let d(r) = r**3 - 17*r**2 - 13*r - r**2 - 15*r + 9*r - 18. Calculate d(19).
-18
Let k be (3 + -9 - -7)/((-1)/(-5)). Let q(i) = 5*i + k*i + 6*i**2 - i**3 + 18*i**2 - 8 - 16*i**2. Determine q(9).
1
Let a(y) = 2*y**2 + 7*y - 7. Let f be 135/6*80/25. Suppose 0 = 4*w + 2*c - 66, 9*w - f = 4*w + c. Let x be ((-8)/(-5) - 2)*w. Calculate a(x).
23
Let w(v) = -186*v**3 + 6*v**2 + 14*v + 12. Let s(n) = 231*n**3 - 7*n**2 - 13*n - 11. Let d(r) = 4*s(r) + 5*w(r). Calculate d(-1).
6
Let q = -3127 - -3124. Let s(j) = -j**3 - 4*j**2 - 2*j - 7. Calculate s(q).
-10
Let c(h) = 68*h**2 - 4*h**3 + 6*h + 3*h**3 - 10270 + 9861. Calculate c(68).
-1
Let p = 6940 - 6951. Let g(y) = 8*y + 90. What is g(p)?
2
Let d(s) = 7*s**2 + 16*s + 9. Let g(n) = -12*n**2 - 31*n - 19. Let r(a) = -5*d(a) - 3*g(a). Give r(-17).
80
Let h(m) be the second derivative of -5*m**4/12 - m**3/6 - m**2/2 + 2*m. Suppose 0 = -96*i + 59*i - 37. What is h(i)?
-5
Let q(w) = w**3 - 2*w**2 + w. Let h be (-3 - 0)/(1 - (-16)/(-15)). Let v = 35 - -11. Let j = v - h. Give q(j).
0
Let x(n) = 4*n + 1. Let p(f) = -f**3 - 3*f**2 - 4*f - 1. Let k be p(-2). Let a(j) = 3*j - 2. Let t(r) = k*x(r) + a(r). Determine t(2).
31
Suppose -4*g - 32 = -4*l, 3*l = -5*g + 10 + 14. Let z(c) = c**3 - 7*c**2 - 6*c - 3. Determine z(l).
13
Let i(r) = -2*r + 18. Suppose -23*c - 2074 = -40*c. Suppose 8*o + 34 = c. Give i(o).
-4
Let q = 6 - 13. Let c(x) = -x + 7. Let y(f) = -f + 6. Let d(n) = q*y(n) + 6*c(n). Let z be ((-2)/29 + (-11098)/(-4495))*(-10)/(-6). Give d(z).
4
Let r(h) = -h**2 - 3*h + 132. Let d be r(-13). Let s(g) be the second derivative of 17*g + 0 + 6*g**d - 4/3*g**3 + 2/3*g**4 + 1/20*g**5. Calculate s(-9).
3
Let u(c) = -c**2 + 18*c + 45. Let s be u(20). Suppose -2*k - 5*j + 0 = -6, k - 33 = s*j. Let z = 14 - k. Let h(v) = 2*v - 1. Calculate h(z).
1
Let j = -165 - -165. Let g(h) = -2*h**3 + j*h**3 - 11 - 7*h + 21*h**2 + h**3 - 12*h - 15. Give g(20).
-6
Let s be 3/(9/6*-1). Let v(r) = r**3 - 5 - 5*r - 13*r - 15*r + 3 + 3*r**2 + 30*r. Determine v(s).
8
Suppose 150*j - 144*j = -894. Let t = j - -150. Let h(z) = 2 - z**2 - 2 + z - 9*z**3 + 0. What is h(t)?
-9
Let h(k) = -8 + 2 - 5*k**2 + 3*k + 0 - 7*k + 6*k**2. Calculate h(7).
15
Let l(c) = 1 + 393*c - 787*c + 1 + 389*c. Calculate l(2).
-8
Let t = 0 + -3. Let n = -327 - -327. Let k(v) = 2*v - 4 + n + 12*v**2 - 11*v**2. Calculate k(t).
-1
Suppose -q + 36 = -10*q. Let p(y) = 36*y + 8. Let f(g) = 9*g + 2. Let b(o) = -9*f(o) + 2*p(o). Let w(c) = 3*c + 1. Let v(m) = -2*b(m) - 7*w(m). What is v(q